{"id":61,"date":"2021-11-05T08:53:37","date_gmt":"2021-11-05T08:53:37","guid":{"rendered":"http:\/\/cancerdemama.geyseco.es\/?page_id=61"},"modified":"2021-11-05T08:53:37","modified_gmt":"2021-11-05T08:53:37","slug":"politica-de-proteccio-de-dades","status":"publish","type":"page","link":"https:\/\/cancerdemama25.geyseco.es\/index.php\/politica-de-proteccio-de-dades\/","title":{"rendered":"Pol\u00edtica de protecci\u00f3 de dades"},"content":{"rendered":"<div id=\"politicas\">\n<h2>POL\u00cdTICA DE PRIVACIDAD<\/h2>\n<p>De acuerdo con lo establecido en el Reglamento General de Protecci\u00f3n de Datos, le informamos que trataremos sus datos personales con la finalidad de gestionarle su participaci\u00f3n en el congreso\/curso\/actividad cient\u00edfica seleccionada y mantenerle informado de servicio\/eventos que puedan ser de su inter\u00e9s en un futuro.<\/p>\n<p>Los datos personales proporcionados se conservar\u00e1n, mientras se mantenga la relaci\u00f3n mercantil o no se solicite su supresi\u00f3n por el interesado.<\/p>\n<p>La empresa NO tomar\u00e1 decisiones automatizadas. Los datos no se ceder\u00e1n a terceros salvo en los casos estrictamente necesarios para la correcta gesti\u00f3n del evento de referencia (notificaci\u00f3n a hoteles, notificaci\u00f3n a empresas de gesti\u00f3n de comunicaciones y\/o posters electr\u00f3nicos, etc.) o los casos en que exista una obligaci\u00f3n legal.<\/p>\n<p>Asimismo, le informamos de la posibilidad de ejercer los siguientes derechos sobre sus datos personales: derecho de acceso, rectificaci\u00f3n, supresi\u00f3n u olvido, limitaci\u00f3n, oposici\u00f3n, portabilidad y a retirar el consentimiento prestado, para ello podr\u00e1 enviar un email a: datos@geyseco.es<\/p>\n<p>Adem\u00e1s, el interesado puede dirigirse a la Autoridad de Control en materia de Protecci\u00f3n de Datos competente para obtener informaci\u00f3n adicional o presentar una reclamaci\u00f3n.<\/p>\n<p><strong>Datos identificativos del responsable:<\/strong><br \/>\nGESTION DE CONGRESOS Y SOCIEDADES MEDICAS SL, B65687733, CALLE DE LA UNIVERSIDAD 4 &#8211; 46003 &#8211; VALENCIA &#8211; VALENCIA<\/p>\n<h3>CONSENTIMIENTO<\/h3>\n<p>El visitante se hace responsable y garantiza que los datos personales que facilita a Grupo Geyseco son veraces y cuenta, cuando proceda, con la debida autorizaci\u00f3n para ello del titular de los mismos.<\/p>\n<p>La finalidad y uso previsto tanto de los datos en s\u00ed mismos como de su tratamiento, es prestarle el servicio solicitado y\/o gestionar su participaci\u00f3n en el congreso de referencia\/cursos\/divulgaci\u00f3n cient\u00edfica y mantenerle informado de servicio\/eventos que puedan ser de su inter\u00e9s en un futuro.<br \/>\nRecuerde que puede revocar el consentimiento prestado en cualquier momento por las v\u00edas de contacto antes mencionadas.<\/p><\/div>\n<div id=\"politicas\">\n<h3>LSSICE COMPLIANCE<\/h3>\n<h2>PRIVACY POLICY<\/h2>\n<p>Pursuant to the provisions of the General Data Protection Regulation, we hereby inform you that we will process your personal data in order to manage your participation in the congress\/course\/scientific activity selected and to keep you informed of services\/events that may be of interest to you in the future.<br \/>\nThe personal data provided will be saved throughout the trade relationship or until the data subject requests the erasure thereof. The company will NOT make any automatic decisions.<br \/>\nThe data will not be assigned to any third parties except in cases where strictly necessary for the proper management of the reference event (notification to hotels, notification to communication management companies and\/or electronic posters, etc.) or in cases where there is a legal obligation to do so.<br \/>\nMoreover, we hereby inform you of the possibility to exercise the following rights to your personal data: the right of access, rectification, erasure or to be forgotten, limitation, objection, portability and to withdraw consent granted. To do so, you may send an email to: datos@geyseco.es Furthermore, data subjects may obtain additional information or submit a claim to the competent Data Protection Supervisory Authority. Data controller\u2019s identification data: GESTION DE CONGRESOS Y SOCIEDADES MEDICAS SL, B65687733, CALLE DE LA UNIVERSIDAD 4 &#8211; 46003 &#8211; VALENCIA &#8211; VALENCIA,<\/p>\n<h3>CONSENT<\/h3>\n<p>The visitor is liable for and hereby guarantees the personal data provided to Grupo Geyseco are accurate and, as applicable, has due authorisation to do so from the data subject.<br \/>\nThe purpose and intended use of the data in and of themselves as well as their processing is to provide the requested service and\/or manage your participation in the reference congress\/course\/scientific dissemination activity and keep you informed of services\/events that may be of your interest in the future.<br \/>\nPlease remember that you may revoke the consent granted at any time using the aforementioned means of contact.<\/p><\/div>\n","protected":false},"excerpt":{"rendered":"<p>POL\u00cdTICA DE PRIVACIDAD De acuerdo con lo establecido en el Reglamento General de Protecci\u00f3n de Datos, le informamos que trataremos sus datos personales con la finalidad de gestionarle su participaci\u00f3n en el congreso\/curso\/actividad cient\u00edfica seleccionada y mantenerle informado de servicio\/eventos que puedan ser de su inter\u00e9s en un futuro. Los datos personales proporcionados se conservar\u00e1n, &#8230; <a title=\"Pol\u00edtica de protecci\u00f3 de dades\" class=\"read-more\" href=\"https:\/\/cancerdemama25.geyseco.es\/index.php\/politica-de-proteccio-de-dades\/\" aria-label=\"M\u00e9s sobre Pol\u00edtica de protecci\u00f3 de dades\">Llegiu m\u00e9s<\/a><\/p>\n","protected":false},"author":1,"featured_media":0,"parent":0,"menu_order":0,"comment_status":"closed","ping_status":"closed","template":"","meta":{"footnotes":""},"class_list":["post-61","page","type-page","status-publish"],"_links":{"self":[{"href":"https:\/\/cancerdemama25.geyseco.es\/index.php\/wp-json\/wp\/v2\/pages\/61","targetHints":{"allow":["GET"]}}],"collection":[{"href":"https:\/\/cancerdemama25.geyseco.es\/index.php\/wp-json\/wp\/v2\/pages"}],"about":[{"href":"https:\/\/cancerdemama25.geyseco.es\/index.php\/wp-json\/wp\/v2\/types\/page"}],"author":[{"embeddable":true,"href":"https:\/\/cancerdemama25.geyseco.es\/index.php\/wp-json\/wp\/v2\/users\/1"}],"replies":[{"embeddable":true,"href":"https:\/\/cancerdemama25.geyseco.es\/index.php\/wp-json\/wp\/v2\/comments?post=61"}],"version-history":[{"count":1,"href":"https:\/\/cancerdemama25.geyseco.es\/index.php\/wp-json\/wp\/v2\/pages\/61\/revisions"}],"predecessor-version":[{"id":62,"href":"https:\/\/cancerdemama25.geyseco.es\/index.php\/wp-json\/wp\/v2\/pages\/61\/revisions\/62"}],"wp:attachment":[{"href":"https:\/\/cancerdemama25.geyseco.es\/index.php\/wp-json\/wp\/v2\/media?parent=61"}],"curies":[{"name":"wp","href":"https:\/\/api.w.org\/{rel}","templated":true}]}}